{"id":270,"date":"2021-10-09T00:31:31","date_gmt":"2021-10-08T22:31:31","guid":{"rendered":"https:\/\/dicke-bretter-club.de\/cms\/?page_id=270"},"modified":"2022-07-26T13:37:40","modified_gmt":"2022-07-26T11:37:40","slug":"cosims-und-wargames","status":"publish","type":"page","link":"https:\/\/dicke-bretter-club.de\/online-brettspiele\/cosims-und-wargames\/","title":{"rendered":"CoSIMs und WARGAMES"},"content":{"rendered":"\n<p>Bei CoSIMS &#8211; also Konflikt-Simulations-Brettspielen &#8211; handelt es sich um komplexe, taktische und strategische Brettspiele, die thematisch an Kriegsschaupl\u00e4tzen stattfinden und sich h\u00e4ufig durch asynchrone Spielerfraktionen auszeichnen.<br><br>Online werden diese Spiele haupts\u00e4chlich unter dem 2D-Brettspielsimulator VASSAL gespielt. Aber es sind auch viele Titel unter <a href=\"https:\/\/dicke-bretter-club.de\/online-brettspiele\/tabletop-simulator-tts\/\" data-type=\"page\" data-id=\"73\">Tabletop Simulator<\/a> verf\u00fcgbar. Als Einsteigerspiel wird h\u00e4ufig <a href=\"https:\/\/boardgamegeek.com\/boardgame\/111799\/cuba-libre\" data-type=\"URL\" data-id=\"https:\/\/boardgamegeek.com\/boardgame\/111799\/cuba-libre\" target=\"_blank\" rel=\"noreferrer noopener\">Cuba Libre<\/a> empfohlen.<br><br>Victoria Parta Spiele hat zu dem Genre einen aufschlussreichen Beitrag gemacht:<\/p>\n\n\n\n<figure class=\"wp-block-embed is-type-video is-provider-youtube wp-block-embed-youtube wp-embed-aspect-16-9 wp-has-aspect-ratio\"><div class=\"wp-block-embed__wrapper\">\n<iframe loading=\"lazy\" title=\"Was sind Cosims \/ Wargames im Brettspielbereich?\" width=\"840\" height=\"473\" src=\"https:\/\/www.youtube.com\/embed\/odtE-R6FSv8?feature=oembed\" frameborder=\"0\" allow=\"accelerometer; autoplay; clipboard-write; encrypted-media; gyroscope; picture-in-picture\" allowfullscreen><\/iframe>\n<\/div><\/figure>\n\n\n\n<p>Weitere Infos zu CoSims und Wargames:<br><a rel=\"noreferrer noopener\" href=\"https:\/\/de.wikipedia.org\/wiki\/Konfliktsimulation_(Brettspiel)\" data-type=\"URL\" data-id=\"https:\/\/de.wikipedia.org\/wiki\/Konfliktsimulation_(Brettspiel)\" target=\"_blank\">Wikipedia<\/a><br>Youtube-Channel <a rel=\"noreferrer noopener\" href=\"https:\/\/www.youtube.com\/channel\/UCWkrieJyZHIsIWEw9o8tFcQ\" target=\"_blank\">Victoria Parta Spiele<\/a><\/p>\n","protected":false},"excerpt":{"rendered":"<p>Bei CoSIMS &#8211; also Konflikt-Simulations-Brettspielen &#8211; handelt es sich um komplexe, taktische und strategische Brettspiele, die thematisch an Kriegsschaupl\u00e4tzen stattfinden<\/p>\n","protected":false},"author":2,"featured_media":0,"parent":0,"menu_order":0,"comment_status":"closed","ping_status":"closed","template":"","meta":{"footnotes":""},"class_list":["post-270","page","type-page","status-publish","hentry"],"_links":{"self":[{"href":"https:\/\/dicke-bretter-club.de\/online-brettspiele\/wp-json\/wp\/v2\/pages\/270","targetHints":{"allow":["GET"]}}],"collection":[{"href":"https:\/\/dicke-bretter-club.de\/online-brettspiele\/wp-json\/wp\/v2\/pages"}],"about":[{"href":"https:\/\/dicke-bretter-club.de\/online-brettspiele\/wp-json\/wp\/v2\/types\/page"}],"author":[{"embeddable":true,"href":"https:\/\/dicke-bretter-club.de\/online-brettspiele\/wp-json\/wp\/v2\/users\/2"}],"replies":[{"embeddable":true,"href":"https:\/\/dicke-bretter-club.de\/online-brettspiele\/wp-json\/wp\/v2\/comments?post=270"}],"version-history":[{"count":3,"href":"https:\/\/dicke-bretter-club.de\/online-brettspiele\/wp-json\/wp\/v2\/pages\/270\/revisions"}],"predecessor-version":[{"id":572,"href":"https:\/\/dicke-bretter-club.de\/online-brettspiele\/wp-json\/wp\/v2\/pages\/270\/revisions\/572"}],"wp:attachment":[{"href":"https:\/\/dicke-bretter-club.de\/online-brettspiele\/wp-json\/wp\/v2\/media?parent=270"}],"curies":[{"name":"wp","href":"https:\/\/api.w.org\/{rel}","templated":true}]}}